7, what is -3 - -456?
453
In base 7, what is -21553 - 4?
-21560
In base 3, what is 12100 - 2120?
2210
In base 7, what is 4 + -1533?
-1526
In base 13, what is 0 - 84b?
-84b
In base 2, what is -1101101 - -10?
-1101011
In base 16, what is -13b0 - -5?
-13ab
In base 7, what is -21 + -541?
-562
In base 9, what is 184 - -1?
185
In base 15, what is -4 + -29e?
-2a3
In base 3, what is 112211 - -1211?
121122
In base 9, what is -2 + 628?
626
In base 5, what is 102 + 3?
110
In base 15, what is 13 - 30?
-1c
In base 4, what is 3 + -21321?
-21312
In base 2, what is 101010001 - 1?
101010000
In base 11, what is 73 - -1?
74
In base 15, what is -280 - 3?
-283
In base 9, what is 264 + -70?
184
In base 8, what is -2 - -117?
115
In base 5, what is -2102 + 40?
-2012
In base 13, what is 68 + 5?
70
In base 2, what is 1001 + 101100101000?
101100110001
In base 16, what is -26 + -35?
-5b
In base 8, what is -3 + -76?
-101
In base 13, what is -87 - -1?
-86
In base 8, what is -247 + 3?
-244
In base 15, what is -d + 1?
-c
In base 2, what is -11 + -101111111?
-110000010
In base 8, what is 4765 + 1?
4766
In base 3, what is -12 - -222210?
222121
In base 9, what is 700 + -6?
683
In base 13, what is -4 - b9?
-c0
In base 3, what is -21 - 10202?
-11000
In base 4, what is 33311 - -2?
33313
In base 15, what is -1 - 76?
-77
In base 15, what is -de + -a?
-e9
In base 6, what is 4 + -1323?
-1315
In base 7, what is 16634 - 2?
16632
In base 6, what is -3 + -5153?
-5200
In base 3, what is 10 + -101202?
-101122
In base 9, what is -3 - -1425?
1422
In base 13, what is 59 + -a2?
-46
In base 14, what is -18 - 5?
-1d
In base 10, what is -6 + 1?
-5
In base 9, what is -104 + -2?
-106
In base 6, what is 1334 + -2?
1332
In base 10, what is -288 - 2?
-290
In base 11, what is -6 - 4a7?
-502
In base 7, what is -5 - 46?
-54
In base 5, what is 2 + 2334?
2341
In base 6, what is 1024 + 2?
1030
In base 8, what is 2157 + -3?
2154
In base 2, what is 10000101110110 + 101?
10000101111011
In base 6, what is -3330 - -31?
-3255
In base 4, what is 103 + -30?
13
In base 5, what is 13 - -2440?
3003
In base 10, what is -524 - 2?
-526
In base 10, what is -12 - 874?
-886
In base 4, what is 200312 - -1?
200313
In base 7, what is -1 - -311?
310
In base 3, what is 12 - -2200?
2212
In base 4, what is -33 - 232?
-331
In base 4, what is -11 - 231?
-302
In base 8, what is 651 - -3?
654
In base 10, what is -6 + -113?
-119
In base 3, what is 2 - -101?
110
In base 15, what is 769 - 3?
766
In base 9, what is -4 + 10351?
10346
In base 9, what is 602 + -2?
600
In base 10, what is 33 + 3?
36
In base 9, what is 44 + -7?
36
In base 10, what is -2 + -1396?
-1398
In base 7, what is -6 + 435?
426
In base 15, what is -5 + -261?
-266
In base 6, what is -13 + 0?
-13
In base 3, what is 11 + -20022110?
-20022022
In base 2, what is -101 - 101011101?
-101100010
In base 12, what is -777 + -1?
-778
In base 10, what is -11 - -6?
-5
In base 2, what is -10 - -110100?
110010
In base 14, what is 170 + -3?
16b
In base 5, what is -13 - -3033?
3020
In base 4, what is -113 - -233?
120
In base 3, what is 112101 - 11?
112020
In base 11, what is -4 - -26?
22
In base 11, what is 50 - -35?
85
In base 3, what is -11 + -10101?
-10112
In base 6, what is -5 + 300?
251
In base 4, what is 213 - -103?
322
In base 5, what is 132310 + -10?
132300
In base 9, what is 120 - -3?
123
In base 12, what is 1b2a0 + 0?
1b2a0
In base 6, what is -10 + 3002?
2552
In base 16, what is 2 + 5f8?
5fa
In base 5, what is 242 + -13?
224
In base 6, what is 3 - -203?
210
In base 10, what is 501 + 24?
525
In base 2, what is -10110100 - -11?
-10110001
In base 3, what is 200 + 220?
1120
In base 12, what is 2654 - 0?
2654
In base 15, what is 3c6 + -2?
3c4
In base 11, what is 631 - -4?
635
In base 2, what is -10110 + 1110101?
1011111
In base 4, what is -203010 + 2?
-203002
In base 15, what is -6d + 6?
-67
In base 4, what is 3 - 1222?
-1213
In base 10, what is -4 - -860?
856
In base 16, what is 1 - -22?
23
In base 7, what is -6 - -163?
154
In base 10, what is 23805 + -2?
23803
In base 2, what is 110010 + -10100?
11110
In base 2, what is -100 + 110010100?
110010000
In base 7, what is -13 - 444?
-460
In base 6, what is -10053 - -1?
-10052
In base 2, what is 1110 + -1000111?
-111001
In base 3, what is -1 + 2012220?
2012212
In base 12, what is -8960 - -5?
-8957
In base 3, what is 110012112 - -1?
110012120
In base 15, what is 3 - 13?
-10
In base 7, what is 11 + 3366?
3410
In base 10, what is -5 - -4?
-1
In base 2, what is 1001001110010 + -11?
1001001101111
In base 7, what is -52 + 6?
-43
In base 7, what is 2 + 110?
112
In base 4, what is -20 - 1311?
-1331
In base 16, what is bf + -4?
bb
In base 5, what is -212 - -10?
-202
In base 7, what is 4 + -411?
-404
In base 6, what is -4 - -30322?
30314
In base 8, what is -7 - -5?
-2
In base 16, what is 9 - 5ea?
-5e1
In base 11, what is -2 - 2441?
-2443
In base 15, what is -4 + -66?
-6a
In base 16, what is -a0 - b?
-ab
In base 9, what is 16 - 7?
8
In base 11, what is 0 - -395?
395
In base 15, what is -3 - -93?
90
In base 2, what is 100 + 101111001?
101111101
In base 14, what is -235 - -3?
-232
In base 7, what is 1604 - -3?
1610
In base 5, what is -30 + 102?
22
In base 10, what is -2429 - 2?
-2431
In base 11, what is -6 - 544?
-54a
In base 6, what is -3010 - 2?
-3012
In base 8, what is -23 - -31?
6
In base 3, what is 100 + 2120?
2220
In base 7, what is -15355 - 4?
-15362
In base 15, what is -5 - -2a6?
2a1
In base 11, what is -23 + 23?
0
In base 13, what is -23 + -2?
-25
In base 11, what is 2 + -81?
-7a
In base 12, what is 5 + 909?
912
In base 11, what is -2 - -40?
39
In base 12, what is 279 + 1?
27a
In base 16, what is -7 - 105?
-10c
In base 14, what is 1cd4 - 9?
1cc9
In base 16, what is 129e - 2?
129c
In base 15, what is c9 + 4?
cd
In base 10, what is -109 + -4?
-113
In base 12, what is 2b8 + 4?
300
In base 15, what is -9 + 62a?
621
In base 7, what is -5 - 2062?
-2100
In base 16, what is 42 - d?
35
In base 16, what is 3b + 0?
3b
In base 15, what is -a58 - -1?
-a57
In base 14, what is a + -8?
2
In base 4, what is -11 - 213002?
-213013
In base 6, what is -1255 - 22?
-1321
In base 12, what is -10ba + -1?
-10bb
In base 6, what is 12 - 144?
-132
In base 14, what is -1 - -14?
13
In base 8, what is 5 + -110?
-103
In base 10, what is 0 + 531?
531
In base 14, what is 42b - 5?
426
In base 9, what is -212 + -25?
-237
In base 11, what is 0 - 4181?
-4181
In base 3, what is 2210 - 112?
2021
In base 10, what is -487 + 2?
-485
In base 7, what is -162 + -15?
-210
In base 4, what is 12 + 303?
321
In base 3, what is 12 + -121012?
-121000
In base 3, what is -12012 - 10021?
-22110
In base 13, what is 6a - -8?
75
In base 11, what is 20 - 5?
16
In base 4, what is 110 - 212?
-102
In base 3, what is 12 + -1021?
-1002
In base 2, what is -10010100011 + 1000?
-10010011011
In base 15, what is 2 - -104?
106
In base 11, what is 14 + -24?
-10
In base 13, what is 1930 + 1?
1931
In base 7, what is -3 + -1534?
-1540
In base 2, what is 10010 + 1010010?
1100100
In base 6, what is 0 + -1100?
-1100
In base 16, what is 38f + 8?
397
In base 7, what is 2 - 332?
-330
In base 3, what is 10 + -120212?
-120202
In base 6, what is 21 + -10051?
-10030
In base 5, what is -3010 + -112?
-3122
In base 9, what is 25 - -624?
650
In base 12, what is 75 + -1?
74
In base 2, what is 11 - -1000101?
1001000
In base 11, what is 5 - -10?
15
In base 11, what is -18 + 1?
-17
In base 11, what is -6 - 35?
-40
In base 6, what is -12 + -23?
-35
In base 5, what is -2 - -12202?
12200
In base 13, what is 9 - -98?
a4
In base 6, what is -2 - 425?
-431
In base 7, what is -2 + -1443?
-1445
In base 6, what is 1 - 13444?
-13443
In base 15, what is 30 + 6d?
9d
In base 3, what is -2001 - 12221?
-21222
In base 3, what is -1200 - 122?
-2022
In base 7, what is 4 - -551?
555
In base 8, what is -16 + 1?
-15
In base 7, what is 1265 - -4?
1302
In base 7, what is -10 - -465?
455
In base 5, what is -142 + 10?
-132
In base 16, what is ac - 2?
aa
In base 7, what is -326 - 3?
-332
In base 9, what is 6 + -52?
-45
In base 6, what is 1322 - -3?
1325
In base 2, what is 100101110 - 101?
100101001
In base 3, what is -10 + 211201?
211121
In base 13, what is -6 + -3?
-9
In base 8, what is -5 + 616?
611
In base 9, what is 12808 + -1?
12807
In base 13, what is 